{"id":246,"date":"2020-10-12T17:48:09","date_gmt":"2020-10-12T15:48:09","guid":{"rendered":"http:\/\/radio.xreflector.es\/?page_id=246"},"modified":"2020-10-15T12:34:37","modified_gmt":"2020-10-15T10:34:37","slug":"multi-reflector-hispano-914","status":"publish","type":"page","link":"https:\/\/radio.xreflector.es\/index.php\/multi-reflector-hispano-914\/","title":{"rendered":"MultiProtocolo Hispano \u00ab914\u00bb"},"content":{"rendered":"\n<figure class=\"wp-block-image size-large\"><img loading=\"lazy\" decoding=\"async\" width=\"767\" height=\"96\" src=\"https:\/\/radio.xreflector.es\/wp-content\/uploads\/2020\/10\/Sin-titulo-1.jpg\" alt=\"\" class=\"wp-image-247\" srcset=\"https:\/\/radio.xreflector.es\/wp-content\/uploads\/2020\/10\/Sin-titulo-1.jpg 767w, https:\/\/radio.xreflector.es\/wp-content\/uploads\/2020\/10\/Sin-titulo-1-300x38.jpg 300w, https:\/\/radio.xreflector.es\/wp-content\/uploads\/2020\/10\/Sin-titulo-1-750x94.jpg 750w\" sizes=\"auto, (max-width: 767px) 100vw, 767px\" \/><\/figure>\n\n\n\n<div class=\"wp-block-image is-style-rounded\"><figure class=\"alignleft size-large is-resized\"><img loading=\"lazy\" decoding=\"async\" src=\"https:\/\/radio.xreflector.es\/wp-content\/uploads\/2020\/10\/ea8ee_qrz-1.jpg\" alt=\"\" class=\"wp-image-248\" width=\"273\" height=\"273\" srcset=\"https:\/\/radio.xreflector.es\/wp-content\/uploads\/2020\/10\/ea8ee_qrz-1.jpg 310w, https:\/\/radio.xreflector.es\/wp-content\/uploads\/2020\/10\/ea8ee_qrz-1-300x300.jpg 300w, https:\/\/radio.xreflector.es\/wp-content\/uploads\/2020\/10\/ea8ee_qrz-1-150x150.jpg 150w\" sizes=\"auto, (max-width: 273px) 100vw, 273px\" \/><figcaption><strong>EA8EE<\/strong> <strong>TEAM BM<\/strong><\/figcaption><\/figure><\/div>\n\n\n\n<p><strong>EA8EE  Es El Sysop De Este TG<\/strong> Internacional (Hispano) gestionado por el amigo EA8EE, donde todos los d\u00edas podemos escuchar QSO de todo el mundo en espa\u00f1ol, tambi\u00e9n los fines de semana contamos con el famoso internacional  \u00abNET DE LA TECNOLOGIA \u00bb\u00a1Que EA8EE se encarga de entrevistar a otros amigos de la radio sobre diversos temas interesantes!!<\/p>\n\n\n\n<p><strong>Multi Reflector Hispano \u00ab914\u00bb<\/strong> <strong>El Sistema MultiProtocolo Que Une A Todos Los Radioaficionados De Todo El Mundo En Habla Hispana!! <\/strong><\/p>\n\n\n\n<p><strong>Dispone De Un Dashboard General Donde Ver Toda La Actividad Y De Donde Esta Entrando: <a rel=\"noreferrer noopener\" href=\"https:\/\/brandmeister.network\/?page=lh&amp;jsonquery={%22condition%22%3A%22AND%22%2C%22rules%22%3A[{%22condition%22%3A%22AND%22%2C%22rules%22%3A[{%22id%22%3A%22DestinationID%22%2C%22field%22%3A%22DestinationID%22%2C%22type%22%3A%22integer%22%2C%22input%22%3A%22text%22%2C%22operator%22%3A%22equal%22%2C%22value%22%3A%22914%22}]}]}\" target=\"_blank\">TG 914 World Wide<\/a><\/strong> <\/p>\n\n\n\n<div class=\"wp-block-image\"><figure class=\"aligncenter size-large\"><img loading=\"lazy\" decoding=\"async\" width=\"1024\" height=\"291\" src=\"https:\/\/radio.xreflector.es\/wp-content\/uploads\/2020\/10\/bm-1024x291.jpg\" alt=\"\" class=\"wp-image-252\" srcset=\"https:\/\/radio.xreflector.es\/wp-content\/uploads\/2020\/10\/bm-1024x291.jpg 1024w, https:\/\/radio.xreflector.es\/wp-content\/uploads\/2020\/10\/bm-300x85.jpg 300w, https:\/\/radio.xreflector.es\/wp-content\/uploads\/2020\/10\/bm-768x218.jpg 768w, https:\/\/radio.xreflector.es\/wp-content\/uploads\/2020\/10\/bm-1536x437.jpg 1536w, https:\/\/radio.xreflector.es\/wp-content\/uploads\/2020\/10\/bm-750x213.jpg 750w, https:\/\/radio.xreflector.es\/wp-content\/uploads\/2020\/10\/bm.jpg 1900w\" sizes=\"auto, (max-width: 1024px) 100vw, 1024px\" \/><\/figure><\/div>\n\n\n\n<p>De Que Sistemas Disponemos En Este Super Multi Reflector Hispano:<\/p>\n\n\n\n<ul class=\"wp-block-list\"><li>DMR+ Reflector 4370 :<a rel=\"noreferrer noopener\" href=\"http:\/\/ipsc2.xreflector.es\/\" target=\"_blank\">DASHBOARD<\/a><\/li><li>YSF ES-PEANUT : <a rel=\"noreferrer noopener\" href=\"http:\/\/164.132.96.157\/ysf\/ysf\/\" target=\"_blank\">DASHBOARD<\/a><\/li><li>YCS224 DG ID 14 : <a rel=\"noreferrer noopener\" href=\"http:\/\/c4fm.es\/\" target=\"_blank\">DASHBOARD<\/a><\/li><li>EUROPELINK 21: <a rel=\"noreferrer noopener\" href=\"http:\/\/europelink.pa7lim.nl\/\" target=\"_blank\">DASHBOARD<\/a><\/li><li>NXDN TG 914 : <a rel=\"noreferrer noopener\" href=\"http:\/\/nxdnhispano.xreflector.es\/\" target=\"_blank\">DASHBOARD <\/a><\/li><li>FCS004 Room 24:<a rel=\"noreferrer noopener\" href=\"http:\/\/fcs004.xreflector.net\/#\" target=\"_blank\">DASHBOARD<\/a><\/li><li>FCS224 Room 14:<a rel=\"noreferrer noopener\" href=\"http:\/\/c4fm.es\/\" target=\"_blank\">DASHBOARD<\/a><\/li><li>PEANUT YSF-SPAIN:<a rel=\"noreferrer noopener\" href=\"http:\/\/peanut.pa7lim.nl\/\" target=\"_blank\">DASHBOARD<\/a><\/li><li>Wires X SYSTEM ROOM 2705 <\/li><li>Echolink EA8 SPAIN (RX MODE)<\/li><li>P25 En Desarrollo&#8230;<\/li><li>New System En Desarrollo &#8230;<\/li><\/ul>\n\n\n\n<div class=\"wp-block-image\"><figure class=\"aligncenter size-large is-resized\"><img loading=\"lazy\" decoding=\"async\" src=\"https:\/\/radio.xreflector.es\/wp-content\/uploads\/2020\/10\/HIS.png\" alt=\"\" class=\"wp-image-254\" width=\"522\" height=\"261\" srcset=\"https:\/\/radio.xreflector.es\/wp-content\/uploads\/2020\/10\/HIS.png 318w, https:\/\/radio.xreflector.es\/wp-content\/uploads\/2020\/10\/HIS-300x150.png 300w\" sizes=\"auto, (max-width: 522px) 100vw, 522px\" \/><\/figure><\/div>\n\n\n\n<p>World Wide Multi Reflector Hispano Multi Red Uniendo A Todos Los Radioaficionados De Habla Hispana En Todo El Mundo!!!<\/p>\n\n\n\n<p><strong>@2020 Multi Reflector Hispano Todos Los Derechos Reservados BY EA8EE &amp; EA7IYR<\/strong><\/p>\n<p>Visitas: 185<\/p>","protected":false},"excerpt":{"rendered":"<p>EA8EE Es El Sysop De Este TG Internacional (Hispano) gestionado por el amigo EA8EE, donde todos los d\u00edas podemos escuchar QSO de todo el mundo en espa\u00f1ol, tambi\u00e9n los fines de semana contamos con el famoso internacional \u00abNET DE LA TECNOLOGIA \u00bb\u00a1Que EA8EE se encarga de entrevistar a otros amigos de la radio sobre diversos [&hellip;]<\/p>\n","protected":false},"author":1,"featured_media":0,"parent":0,"menu_order":0,"comment_status":"closed","ping_status":"closed","template":"","meta":{"footnotes":""},"class_list":["post-246","page","type-page","status-publish","hentry"],"_links":{"self":[{"href":"https:\/\/radio.xreflector.es\/index.php\/wp-json\/wp\/v2\/pages\/246","targetHints":{"allow":["GET"]}}],"collection":[{"href":"https:\/\/radio.xreflector.es\/index.php\/wp-json\/wp\/v2\/pages"}],"about":[{"href":"https:\/\/radio.xreflector.es\/index.php\/wp-json\/wp\/v2\/types\/page"}],"author":[{"embeddable":true,"href":"https:\/\/radio.xreflector.es\/index.php\/wp-json\/wp\/v2\/users\/1"}],"replies":[{"embeddable":true,"href":"https:\/\/radio.xreflector.es\/index.php\/wp-json\/wp\/v2\/comments?post=246"}],"version-history":[{"count":8,"href":"https:\/\/radio.xreflector.es\/index.php\/wp-json\/wp\/v2\/pages\/246\/revisions"}],"predecessor-version":[{"id":316,"href":"https:\/\/radio.xreflector.es\/index.php\/wp-json\/wp\/v2\/pages\/246\/revisions\/316"}],"wp:attachment":[{"href":"https:\/\/radio.xreflector.es\/index.php\/wp-json\/wp\/v2\/media?parent=246"}],"curies":[{"name":"wp","href":"https:\/\/api.w.org\/{rel}","templated":true}]}}