{"id":169,"date":"2020-10-11T17:01:20","date_gmt":"2020-10-11T15:01:20","guid":{"rendered":"http:\/\/radio.xreflector.es\/?page_id=169"},"modified":"2020-10-11T17:01:32","modified_gmt":"2020-10-11T15:01:32","slug":"169-2","status":"publish","type":"page","link":"https:\/\/radio.xreflector.es\/index.php\/169-2\/","title":{"rendered":"EUROPELINK Introducci\u00f3n r\u00e1pida"},"content":{"rendered":"\n<h1 class=\"wp-block-heading\">EUROPELINK Introducci\u00f3n r\u00e1pida<\/h1>\n\n\n\n<figure class=\"wp-block-image\"><img decoding=\"async\" src=\"http:\/\/112.xreflector.es\/database\/eu.bmp\" alt=\"\"\/><\/figure>\n\n\n\n<p>TABLERO:<\/p>\n\n\n\n<p><a href=\"http:\/\/europelink.pa7lim.nl\/\" target=\"_blank\" rel=\"noreferrer noopener\">http:\/\/europelink.pa7lim.nl\/<\/a><\/p>\n\n\n\n<p>Introducci\u00f3n<\/p>\n\n\n\n<p>El &#8216;EUROPELINK Fusion Reflector&#8217; ha sido dise\u00f1ado con el objetivo de ofrecer el mayor apoyo posible a los usuarios de una radio digital Yaesu.<br>T\u00edpico del EUROPELINK-Reflector es la compatibilidad con indicativos de 10 caracteres, modo VW, DG-ID, Wires-X, modo Gm, env\u00edo y recepci\u00f3n de mensajes de texto,<br>disponibilidad de m\u00faltiples habitaciones, AMBE y DVMega Cast.<\/p>\n\n\n\n<p>Al utilizar el reflector EUROPELINK, puede elegir entre varias habitaciones. Puede encontrar una descripci\u00f3n general de las salas disponibles en el tablero.<\/p>\n\n\n\n<p><strong>Nota: No est\u00e1 permitido conectar otros reflectores (C4FM \/ DMR \/ DSTAR) sin permiso.<\/strong><\/p>\n\n\n\n<p>El tablero en detalle;<\/p>\n\n\n\n<ul class=\"wp-block-list\"><li>Activar QSO&#8217;s<\/li><\/ul>\n\n\n\n<p>En el centro de EUROPELINK Fusion Reflector Dashboard est\u00e1 la ventana ACTIVE QSO.<br>Esta ventana muestra simult\u00e1neamente todos los QSO activos que se ingresan en las diferentes salas.<br>Se muestra; el indicativo, el tipo de radio utilizado, el indicador APR, la habitaci\u00f3n y el tiempo de conversaci\u00f3n transcurrido.<br>Nota: El tipo de radio solo se muestra cuando se usa una radio Yaesu en modo DN, con GPS habilitado.<br>El indicador APRS solo se muestra cuando se utilizan radios Yaesu equipadas con GPS.<\/p>\n\n\n\n<figure class=\"wp-block-image\"><img decoding=\"async\" src=\"https:\/\/radio.xreflector.es\/wp-content\/uploads\/2020\/07\/act.jpg\" alt=\"\" class=\"wp-image-1244\"\/><\/figure>\n\n\n\n<ul class=\"wp-block-list\"><li>USUARIOS EN L\u00cdNEA<\/li><\/ul>\n\n\n\n<p>La ventana USUARIOS EN L\u00cdNEA muestra todos los usuarios conectados actualmente al reflector de fusi\u00f3n EUROPELINK.<br>Se crea una barra de desplazamiento en el lado derecho de la ventana si hay m\u00e1s usuarios de los que la ventana puede mostrar.<\/p>\n\n\n\n<figure class=\"wp-block-image\"><img decoding=\"async\" src=\"https:\/\/radio.xreflector.es\/wp-content\/uploads\/2020\/07\/onl.jpg\" alt=\"\" class=\"wp-image-1245\"\/><\/figure>\n\n\n\n<ul class=\"wp-block-list\"><li>\u00daltimo o\u00eddo<\/li><\/ul>\n\n\n\n<p>La ventana LASTHEARD en la parte superior izquierda de la pantalla muestra una lista de hasta 15 estaciones que se escucharon por \u00faltima vez.<br>En la parte superior de la lista encontrar\u00e1 la estaci\u00f3n m\u00e1s reciente, en la parte inferior est\u00e1 la estaci\u00f3n con la hora m\u00e1s antigua.<\/p>\n\n\n\n<figure class=\"wp-block-image\"><img decoding=\"async\" src=\"https:\/\/radio.xreflector.es\/wp-content\/uploads\/2020\/07\/last-1.jpg\" alt=\"\" class=\"wp-image-1247\"\/><\/figure>\n\n\n\n<ul class=\"wp-block-list\"><li>BUSCAR<\/li><\/ul>\n\n\n\n<p>En la parte superior de la ventana &#8216;\u00daLTIMO&#8217; y &#8216;USUARIOS EN L\u00cdNEA&#8217; hay una ventana de texto en blanco.<br>Esta ventana de texto ofrece la posibilidad de filtrar informaci\u00f3n de los datos<\/p>\n\n\n\n<figure class=\"wp-block-image\"><img decoding=\"async\" src=\"https:\/\/radio.xreflector.es\/wp-content\/uploads\/2020\/07\/sear.jpg\" alt=\"\" class=\"wp-image-1248\"\/><\/figure>\n\n\n\n<ul class=\"wp-block-list\"><li>CONTROL DE HABITACIONES<\/li><\/ul>\n\n\n\n<p>Esta ventana se encuentra en el centro a la izquierda de la pantalla.<br>Al hacer clic en la flecha a la derecha del cuadro blanco, se abre un men\u00fa de selecci\u00f3n con el que puede cambiar de habitaci\u00f3n.<br>Haga clic con el mouse en la habitaci\u00f3n deseada y el cambio se realizar\u00e1 autom\u00e1ticamente.<\/p>\n\n\n\n<figure class=\"wp-block-image\"><img decoding=\"async\" src=\"http:\/\/c4fm.pa7lim.nl\/wiki\/roomcontrol.png\" alt=\"\"\/><\/figure>\n\n\n\n<ul class=\"wp-block-list\"><li>HABITACIONES (HABITACIONES)<\/li><\/ul>\n\n\n\n<p>La ventana &#8216;HABITACIONES&#8217; est\u00e1 a la izquierda en la parte inferior de la pantalla.<br>Esta ventana muestra las habitaciones disponibles y los n\u00fameros de habitaci\u00f3n y es un recordatorio<br>si desea cambiar de habitaci\u00f3n utilizando la funci\u00f3n DG-ID en la radio Yaesu.<\/p>\n\n\n\n<figure class=\"wp-block-image\"><img decoding=\"async\" src=\"https:\/\/radio.xreflector.es\/wp-content\/uploads\/2020\/07\/roo.jpg\" alt=\"\" class=\"wp-image-1249\"\/><\/figure>\n\n\n\n<p><br>Restricciones<br>Para lograr la m\u00e1xima compatibilidad y calidad posibles, se deben respetar los siguientes puntos.<\/p>\n\n\n\n<ul class=\"wp-block-list\"><li><strong>\u00a1Deshabilite Wires-X! \u00daselo solo para cambiar a otro reflector.<\/strong><\/li><li><strong>No se admite el uso de VPN. Al usar VPN, el panel no se mostrar\u00e1 correctamente.<\/strong><\/li><li><strong>El modo VW no es compatible cuando se utilizan m\u00f3dulos AMBE y DVMega Cast.<\/strong><\/li><li><strong>Usuarios de Pi-Star; Utilice la\u00a0 <\/strong><a href=\"http:\/\/pistar.c4fm.es\/\" target=\"_blank\" rel=\"noreferrer noopener\">http:\/\/pistar.c4fm.es\/<\/a><strong> \u00a0de pi-star para un uso \u00f3ptimo del Reflector.<\/strong><\/li><li><strong>Se agradecen los experimentos, no se permite el uso ilegal.<\/strong><br><\/li><\/ul>\n\n\n\n<p>Hotspots y AMBE<br>The Reflector es una iniciativa de aficionados y no forma parte de la red Yaesu System Fusion. (WIRES-X)<br>Se requiere un \u00abpunto de acceso\u00bb para conectarse al Reflector.<br>Hotspots adecuados para usar con el reflector;<\/p>\n\n\n\n<ul class=\"wp-block-list\"><li>Pi-Star (EA7EE <a href=\"http:\/\/pistar.c4fm.es\/\" target=\"_blank\" rel=\"noreferrer noopener\">http:\/\/pistar.c4fm.es\/<\/a>para soporte completo)<\/li><li>ADER IMAGEN: http: \/\/www.associacioader.com\/<\/li><li>openSPOT (todas las versiones)<\/li><li>BlueDV (Windows, Linux, Android)<\/li><li>Descargar archivos de BlueDV Raspberry aqu\u00ed: <a rel=\"noreferrer noopener\" href=\"https:\/\/translate.googleusercontent.com\/translate_c?depth=1&amp;hl=es&amp;pto=aue&amp;rurl=translate.google.com&amp;sl=auto&amp;sp=nmt4&amp;tl=es&amp;u=http:\/\/translate.googleusercontent.com\/translate_c%3Fdepth%3D1%26pto%3Daue%26rurl%3Dtranslate.google.com%26sl%3Des%26sp%3Dnmt4%26tl%3Den%26u%3Dhttp:\/\/112.xreflector.es\/database\/BlueDV_raspberry.rar%26usg%3DALkJrhjCV_-xWVhyHnTaLeoZDlvhXgwu5g&amp;usg=ALkJrhjq4k1pY4tjojReBraHORX7vqjGBA\" target=\"_blank\">BlueDV_raspberry.rar<\/a><\/li><li>Descarga de IMAGEN BlueDV Raspberry aqu\u00ed: <a rel=\"noreferrer noopener\" href=\"https:\/\/translate.googleusercontent.com\/translate_c?depth=1&amp;hl=es&amp;pto=aue&amp;rurl=translate.google.com&amp;sl=auto&amp;sp=nmt4&amp;tl=es&amp;u=http:\/\/translate.googleusercontent.com\/translate_c%3Fdepth%3D1%26pto%3Daue%26rurl%3Dtranslate.google.com%26sl%3Des%26sp%3Dnmt4%26tl%3Den%26u%3Dhttp:\/\/112.xreflector.es\/database\/buster_11_07_2020_bludv4.zip%26usg%3DALkJrhha4LdP8cMRgK4KAaX1kR9m1PZoTQ&amp;usg=ALkJrhimw9KSj-vjGdiv0O43VyKQr6pqDg\" target=\"_blank\">buster_11_07_2020_bludv4.zip<\/a><\/li><li>STICK AMBE<\/li><li>DVMega Cast<br><\/li><\/ul>\n\n\n\n<p>Funcionamiento \/ uso<br>Tan pronto como uno se conecta al \u00abEUROPELINK\u00bb, la radio usada se conecta a la sala \u00abWORLD\u00bb. Esta es la sala de reuniones central de este reflector. Los QSO generales se pueden hacer aqu\u00ed, o puede elegir una de las otras salas disponibles.<\/p>\n\n\n\n<ul class=\"wp-block-list\"><li>Uso del \u00abROOM CONTROL\u00bb en el panel de instrumentos<\/li><li>Use la configuraci\u00f3n DG-ID (solo Tx, Rx debe ser 0) en la radio Yaesu (se requiere la fusi\u00f3n de firmware 2)<\/li><li>FTM-100D<\/li><\/ul>\n\n\n\n<p>Presione el bot\u00f3n Gm durante 2 segundos para mostrar el men\u00fa DG-ID.<br>Luego presione el bot\u00f3n DISP, el valor TX ahora parpadear\u00e1.<br>Gire la perilla selectora de men\u00fa y configure el n\u00famero de habitaci\u00f3n deseado.<br>Presione el bot\u00f3n BACK 2 veces para volver a la pantalla b\u00e1sica.<br>Ahora presione PTT para cambiar a la habitaci\u00f3n seleccionada<\/p>\n\n\n\n<figure class=\"wp-block-image\"><img decoding=\"async\" src=\"http:\/\/c4fm.pa7lim.nl\/wiki\/DG-ID.jpg\" alt=\"\"\/><\/figure>\n\n\n\n<ul class=\"wp-block-list\"><li>FTM400<\/li><\/ul>\n\n\n\n<p>Presione el bot\u00f3n Gm durante 2 segundos para mostrar el men\u00fa DG-ID.<br>Luego presione el bot\u00f3n DIAL, el valor TX ahora parpadear\u00e1.<br>Gire la perilla de SINTON\u00cdA y configure el n\u00famero de habitaci\u00f3n deseado.<br>Ahora presione el bot\u00f3n DIAL nuevamente y luego el bot\u00f3n BACK para regresar a la pantalla b\u00e1sica.<br>Ahora presione PTT para cambiar a la habitaci\u00f3n seleccionada.<\/p>\n\n\n\n<figure class=\"wp-block-image\"><img decoding=\"async\" src=\"http:\/\/c4fm.pa7lim.nl\/wiki\/FTM400D2.jpg\" alt=\"\"\/><\/figure>\n\n\n\n<ul class=\"wp-block-list\"><li>FT1D, 2D, 3D<\/li><\/ul>\n\n\n\n<p>Presione el bot\u00f3n Gm durante 2 segundos para mostrar el men\u00fa DG-ID.<br>Ahora presione brevemente el bot\u00f3n Gm y use el dial de men\u00fa para configurar el n\u00famero de habitaci\u00f3n deseado.<br>Luego presione el bot\u00f3n Gm durante 2 segundos para guardar la configuraci\u00f3n.<br>Ahora presione PTT para cambiar a la habitaci\u00f3n seleccionada<\/p>\n\n\n\n<figure class=\"wp-block-image\"><img decoding=\"async\" src=\"http:\/\/c4fm.pa7lim.nl\/wiki\/FT1XD.jpg\" alt=\"\"\/><\/figure>\n\n\n\n<figure class=\"wp-block-image\"><img decoding=\"async\" src=\"http:\/\/c4fm.pa7lim.nl\/wiki\/FT2D.jpg\" alt=\"\"\/><\/figure>\n\n\n\n<figure class=\"wp-block-image\"><img decoding=\"async\" src=\"http:\/\/c4fm.pa7lim.nl\/wiki\/FT3D.png\" alt=\"\"\/><\/figure>\n\n\n\n<ul class=\"wp-block-list\"><li>FTM7250D<\/li><\/ul>\n\n\n\n<p>Presione el bot\u00f3n Mode durante 2 segundos para mostrar el men\u00fa DG-ID.<br>Gire el selector de men\u00fa y configure el n\u00famero de habitaci\u00f3n deseado detr\u00e1s de &#8216;T&#8217;.<br>Luego presione el bot\u00f3n Mode durante 2 segundos para guardar la configuraci\u00f3n<br>Presione brevemente el bot\u00f3n Mode para cambiar a la habitaci\u00f3n seleccionada<\/p>\n\n\n\n<figure class=\"wp-block-image\"><img decoding=\"async\" src=\"http:\/\/c4fm.pa7lim.nl\/wiki\/FTM7250.jpg\" alt=\"\"\/><\/figure>\n\n\n\n<ul class=\"wp-block-list\"><li>FT70D<\/li><\/ul>\n\n\n\n<p>Presione el bot\u00f3n Mode durante 2 segundos para mostrar el men\u00fa DG-ID.<br>Gire el selector de men\u00fa y configure el n\u00famero de habitaci\u00f3n deseado detr\u00e1s de &#8216;T&#8217;.<br>Luego presione el bot\u00f3n Mode durante 2 segundos para ingresar a guardar la configuraci\u00f3n,<br>ahora presione PTT para cambiar a la habitaci\u00f3n seleccionada<\/p>\n\n\n\n<figure class=\"wp-block-image\"><img decoding=\"async\" src=\"http:\/\/c4fm.pa7lim.nl\/wiki\/FT70D.jpg\" alt=\"\"\/><\/figure>\n\n\n\n<ul class=\"wp-block-list\"><li>FT991A<\/li><\/ul>\n\n\n\n<p>Presione el bot\u00f3n GM durante 2 segundos para mostrar la LISTA DE ID de DG<br>Gire el multiselector a una de las l\u00edneas 01-10 e ingrese el n\u00famero de habitaci\u00f3n deseado despu\u00e9s de TX<br>Luego presione el bot\u00f3n SELECT y luego PTT para cambiar a la habitaci\u00f3n seleccionada<br>Finalmente, presione el Bot\u00f3n ATR\u00c1S para salir de la LISTA DE ID DE DG<\/p>\n\n\n\n<figure class=\"wp-block-image\"><img decoding=\"async\" src=\"http:\/\/c4fm.pa7lim.nl\/wiki\/FT991A.jpg\" alt=\"\"\/><\/figure>\n<p>Visitas: 11662<\/p>","protected":false},"excerpt":{"rendered":"<p>EUROPELINK Introducci\u00f3n r\u00e1pida TABLERO: http:\/\/europelink.pa7lim.nl\/ Introducci\u00f3n El &#8216;EUROPELINK Fusion Reflector&#8217; ha sido dise\u00f1ado con el objetivo de ofrecer el mayor apoyo posible a los usuarios de una radio digital Yaesu.T\u00edpico del EUROPELINK-Reflector es la compatibilidad con indicativos de 10 caracteres, modo VW, DG-ID, Wires-X, modo Gm, env\u00edo y recepci\u00f3n de mensajes de texto,disponibilidad de m\u00faltiples [&hellip;]<\/p>\n","protected":false},"author":1,"featured_media":0,"parent":0,"menu_order":0,"comment_status":"closed","ping_status":"closed","template":"","meta":{"footnotes":""},"class_list":["post-169","page","type-page","status-publish","hentry"],"_links":{"self":[{"href":"https:\/\/radio.xreflector.es\/index.php\/wp-json\/wp\/v2\/pages\/169","targetHints":{"allow":["GET"]}}],"collection":[{"href":"https:\/\/radio.xreflector.es\/index.php\/wp-json\/wp\/v2\/pages"}],"about":[{"href":"https:\/\/radio.xreflector.es\/index.php\/wp-json\/wp\/v2\/types\/page"}],"author":[{"embeddable":true,"href":"https:\/\/radio.xreflector.es\/index.php\/wp-json\/wp\/v2\/users\/1"}],"replies":[{"embeddable":true,"href":"https:\/\/radio.xreflector.es\/index.php\/wp-json\/wp\/v2\/comments?post=169"}],"version-history":[{"count":3,"href":"https:\/\/radio.xreflector.es\/index.php\/wp-json\/wp\/v2\/pages\/169\/revisions"}],"predecessor-version":[{"id":172,"href":"https:\/\/radio.xreflector.es\/index.php\/wp-json\/wp\/v2\/pages\/169\/revisions\/172"}],"wp:attachment":[{"href":"https:\/\/radio.xreflector.es\/index.php\/wp-json\/wp\/v2\/media?parent=169"}],"curies":[{"name":"wp","href":"https:\/\/api.w.org\/{rel}","templated":true}]}}