{"id":1489,"date":"2021-10-06T19:52:34","date_gmt":"2021-10-06T17:52:34","guid":{"rendered":"https:\/\/radio.xreflector.es\/?page_id=1489"},"modified":"2021-10-06T19:52:34","modified_gmt":"2021-10-06T17:52:34","slug":"setup-yaesu-dr-1x","status":"publish","type":"page","link":"https:\/\/radio.xreflector.es\/index.php\/setup-yaesu-dr-1x\/","title":{"rendered":"SETUP YAESU  DR-1X"},"content":{"rendered":"\n<h2 class=\"wp-block-heading\" id=\"recommended_configuration_of_the_dr-1x_repeater\">Configuraci\u00f3n recomendada del repetidor DR-1X PARA YCS SERVER <\/h2>\n\n\n\n<p>Desafortunadamente, el repetidor DR1-X no ofrece una&nbsp;interfaz&nbsp;LAN&nbsp;para poder conectarse directamente a una red.&nbsp;Adem\u00e1s, su control de repetidor interno no es compatible con DG-ID (System Fusion II).<br><br>Sin embargo, el DR1-X con su conector [Control I \/ O] ofrece la opci\u00f3n de utilizar un control de repetidor externo, por ejemplo, un m\u00f3dem MMDVM.&nbsp;<em><strong>(Atenci\u00f3n: DR1-XFR no compatible)<\/strong><\/em><br>Esta expansi\u00f3n se puede llevar a cabo sin interferir con el hardware del repetidor y convierte el DR1-X en un repetidor mmdvm completo, que ahora tambi\u00e9n es compatible con DG-ID (System Fusion II) y se puede conectado directamente a un servidor YCS.<br><br><\/p>\n\n\n\n<h3 class=\"wp-block-heading\" id=\"required_components\">Componentes requeridos<\/h3>\n\n\n\n<p>Se han hecho muy buenas experiencias con el siguiente hardware:<\/p>\n\n\n\n<ul class=\"wp-block-list\"><li>Frambuesa Pi 4B<\/li><li>Generador de repetidores STM32_DVM_USB (placa MMDVM)<ul><li><a href=\"http:\/\/www.repeater-builder.com\/products\/stm32-dvm.html\">http:\/\/www.repeater-builder.com\/products\/stm32-dvm.html<\/a><\/li><\/ul><\/li><li>pistar-ea de Manuel EA7EE (&nbsp;<em><strong>DG-ID COMPLETAMENTE APOYADO<\/strong><\/em>&nbsp;)<ul><li><a href=\"http:\/\/pistar.c4fm.es\/\">http:\/\/pistar.c4fm.es\/<\/a><\/li><\/ul><\/li><\/ul>\n\n\n\n<p><br>piezas necesarias para el cable de conexi\u00f3n:<\/p>\n\n\n\n<ul class=\"wp-block-list\"><li>Conector D-Sub de 15 pines (macho)&nbsp;<em>(para la conexi\u00f3n al conector DR1-X [CONTROL I \/ O])<\/em><\/li><li>Conector D-Sub de 9 pines (macho)&nbsp;<em>(para la conexi\u00f3n a la placa STM_DVM_USB MMDVM)<\/em><\/li><li>pedazo de cable bien blindado<\/li><\/ul>\n\n\n\n<p><em>No utilice un cable de pantalla VGA, ya que aqu\u00ed no se suelen establecer todas las conexiones necesarias.<\/em><br><\/p>\n\n\n\n<h3 class=\"wp-block-heading\" id=\"wiring_of_the_connection_cable\">Cableado del cable de conexi\u00f3n<\/h3>\n\n\n\n<p>Tenga en cuenta la informaci\u00f3n en los siguientes documentos:<\/p>\n\n\n\n<ul class=\"wp-block-list\"><li>Operaciones de los modos DR-1 REPEATER, BASE y REMOTE<ul><li><a href=\"http:\/\/ycs-wiki.xreflector.net\/lib\/exe\/fetch.php?media=ycsserver:dr1x:dr-1_repeater_base_and_remote_mode_operations.pdf\">dr-1_repeater_base_and_remote_mode_operations.pdf<\/a><\/li><\/ul><\/li><li>STM32_DVM_USB Esquema<ul><li><a href=\"http:\/\/www.repeater-builder.com\/products\/pdfs\/STM32_DVM_v4.pdf\">http:\/\/www.repeater-builder.com\/products\/pdfs\/STM32_DVM_v4.pdf<\/a><\/li><\/ul><\/li><\/ul>\n\n\n\n<p><br><br>Asignaci\u00f3n de pines del conector DR1-X [CONTROL I \/ O]:<br><br><a href=\"http:\/\/ycs-wiki.xreflector.net\/lib\/exe\/detail.php?id=ycsserver%3Adr1x%3Adr1x_configuration&amp;media=ycsserver:dr1x:dr1x-connector.png\"><\/a><\/p>\n\n\n\n<figure class=\"wp-block-table\"><table><tbody><tr><td><strong>PIN [CONTROL I \/ O]<\/strong><\/td><td><strong>Descripci\u00f3n<\/strong><\/td><td><strong>Comentario<\/strong><\/td><td><strong>PIN STM32_DVM<\/strong><\/td><td><strong>Descripci\u00f3n<\/strong><\/td><\/tr><tr><td>1<\/td><td>BASE<\/td><td>Puente al pin 5 [CONTROL I \/ O]<\/td><td><\/td><td><\/td><\/tr><tr><td>2<\/td><td>PTT<\/td><td><\/td><td>5<\/td><td>PTT_R<\/td><\/tr><tr><td>5<\/td><td>GND<\/td><td><\/td><td>8<\/td><td>GND<\/td><\/tr><tr><td>7<\/td><td>AF IN<\/td><td><\/td><td>2<\/td><td>TXA_R<\/td><\/tr><tr><td>8<\/td><td>DISCO FUERA<\/td><td><\/td><td>6<\/td><td>RXA_R<\/td><\/tr><tr><td>10<\/td><td>GND<\/td><td><\/td><td><\/td><td><\/td><\/tr><tr><td>11<\/td><td>Puerto EXT 1<\/td><td>Puente al pin 10 [CONTROL I \/ O]<\/td><td><\/td><td><\/td><\/tr><tr><td>12<\/td><td>Puerto EXT 2<\/td><td>Puente al pin 15 [CONTROL I \/ O] con resistencia de 470 ohmios<\/td><td><\/td><td><\/td><\/tr><tr><td>15<\/td><td>VCC conmutado (13,8 V)<\/td><td><\/td><td><\/td><td><\/td><\/tr><\/tbody><\/table><\/figure>\n\n\n\n<h3 class=\"wp-block-heading\" id=\"configuration_of_dr1-x\">Configuraci\u00f3n de DR1-X<\/h3>\n\n\n\n<ul class=\"wp-block-list\"><li>Configure&nbsp;<strong>\u00abUP LINK\u00bb<\/strong>&nbsp;a la&nbsp;<strong>velocidad del paquete 9600bps<\/strong><\/li><li>Establezca&nbsp;<strong>\u00abDesviaci\u00f3n\u00bb<\/strong>&nbsp;en&nbsp;<strong>ANCHO<\/strong><\/li><li>Establezca&nbsp;<strong>\u00abOperaci\u00f3n remota\u00bb<\/strong>&nbsp;en&nbsp;<strong>ON<\/strong><\/li><\/ul>\n\n\n\n<p><br>En el siguiente documento se puede encontrar m\u00e1s informaci\u00f3n \u00fatil para la configuraci\u00f3n del DR1-X e instrucciones para el ajuste de nivel de la placa MMDVM con la ayuda de pistar:<\/p>\n\n\n\n<ul class=\"wp-block-list\"><li>Configuraci\u00f3n de RB_DR-1x.pdf<ul><li><a href=\"http:\/\/www.repeater-builder.com\/products\/pdfs\/RB_DR-1x%20setup.pdf\">http:\/\/www.repeater-builder.com\/products\/pdfs\/RB_DR-1x%20setup.pdf<\/a><\/li><\/ul><\/li><\/ul>\n\n\n\n<figure class=\"wp-block-embed is-type-wp-embed is-provider-xreflector-world-wide-servers wp-block-embed-xreflector-world-wide-servers\"><div class=\"wp-block-embed__wrapper\">\nhttps:\/\/radio.xreflector.es\/index.php\/hazte-socio-colaborador-de-x-reflector-spain\/\n<\/div><\/figure>\n<p>Visitas: 485<\/p>","protected":false},"excerpt":{"rendered":"<p>Configuraci\u00f3n recomendada del repetidor DR-1X PARA YCS SERVER Desafortunadamente, el repetidor DR1-X no ofrece una&nbsp;interfaz&nbsp;LAN&nbsp;para poder conectarse directamente a una red.&nbsp;Adem\u00e1s, su control de repetidor interno no es compatible con DG-ID (System Fusion II). Sin embargo, el DR1-X con su conector [Control I \/ O] ofrece la opci\u00f3n de utilizar un control de repetidor externo, [&hellip;]<\/p>\n","protected":false},"author":1,"featured_media":0,"parent":0,"menu_order":0,"comment_status":"closed","ping_status":"closed","template":"","meta":{"footnotes":""},"class_list":["post-1489","page","type-page","status-publish","hentry"],"_links":{"self":[{"href":"https:\/\/radio.xreflector.es\/index.php\/wp-json\/wp\/v2\/pages\/1489","targetHints":{"allow":["GET"]}}],"collection":[{"href":"https:\/\/radio.xreflector.es\/index.php\/wp-json\/wp\/v2\/pages"}],"about":[{"href":"https:\/\/radio.xreflector.es\/index.php\/wp-json\/wp\/v2\/types\/page"}],"author":[{"embeddable":true,"href":"https:\/\/radio.xreflector.es\/index.php\/wp-json\/wp\/v2\/users\/1"}],"replies":[{"embeddable":true,"href":"https:\/\/radio.xreflector.es\/index.php\/wp-json\/wp\/v2\/comments?post=1489"}],"version-history":[{"count":1,"href":"https:\/\/radio.xreflector.es\/index.php\/wp-json\/wp\/v2\/pages\/1489\/revisions"}],"predecessor-version":[{"id":1491,"href":"https:\/\/radio.xreflector.es\/index.php\/wp-json\/wp\/v2\/pages\/1489\/revisions\/1491"}],"wp:attachment":[{"href":"https:\/\/radio.xreflector.es\/index.php\/wp-json\/wp\/v2\/media?parent=1489"}],"curies":[{"name":"wp","href":"https:\/\/api.w.org\/{rel}","templated":true}]}}