{"id":139,"date":"2020-10-11T16:54:54","date_gmt":"2020-10-11T14:54:54","guid":{"rendered":"http:\/\/radio.xreflector.es\/?page_id=139"},"modified":"2020-10-11T16:54:55","modified_gmt":"2020-10-11T14:54:55","slug":"descripcion-general-del-servidor-ycs","status":"publish","type":"page","link":"https:\/\/radio.xreflector.es\/index.php\/descripcion-general-del-servidor-ycs\/","title":{"rendered":"Descripci\u00f3n general del servidor YCS"},"content":{"rendered":"\n<figure class=\"wp-block-image size-large is-resized is-style-rounded\"><img loading=\"lazy\" decoding=\"async\" src=\"https:\/\/radio.xreflector.es\/wp-content\/uploads\/2020\/10\/NaoK3eM-_400x400.jpg\" alt=\"\" class=\"wp-image-140\" width=\"240\" height=\"240\" srcset=\"https:\/\/radio.xreflector.es\/wp-content\/uploads\/2020\/10\/NaoK3eM-_400x400.jpg 400w, https:\/\/radio.xreflector.es\/wp-content\/uploads\/2020\/10\/NaoK3eM-_400x400-300x300.jpg 300w, https:\/\/radio.xreflector.es\/wp-content\/uploads\/2020\/10\/NaoK3eM-_400x400-150x150.jpg 150w\" sizes=\"auto, (max-width: 240px) 100vw, 240px\" \/><figcaption><strong>KURT OE1KBC<\/strong><\/figcaption><\/figure>\n\n\n\n<p>Una soluci\u00f3n para interconectar puentes repetidores y puntos de acceso utilizando el protocolo de radioaficionado digital C4FM \/ Yaesu Fusion 2 con excelente calidad operativa y configuraciones personalizadas. Es un proyecto desarrollado por: Kurt OE1KBC.<\/p>\n\n\n\n<p>En Espa\u00f1a, el servidor de referencia YCS224 est\u00e1 conectado a la red BrandMeister 2140 y la red DMRPlus para asegurar una presencia completa y ampliada en la zona. Este reflector C4FM est\u00e1 disponible para todos los colegas de radioaficionados y le permite simplificar la gesti\u00f3n de la conexi\u00f3n a trav\u00e9s de un \u00fanico panel pr\u00e1ctico. Si alguien quiere dejar de administrar su propio reflector YSF, ahora puede confiar f\u00e1cilmente en este sistema para continuar con las operaciones normales.<\/p>\n\n\n\n<p>Los reflectores del mundo YCS est\u00e1n interconectados para que sea posible realizar f\u00e1cilmente QSO extranjeros, como ya es el caso en el mundo DMR y DSTAR. Veamos los procedimientos operativos en detalle &#8230;<\/p>\n\n\n\n<p><a href=\"http:\/\/dvmatrix.xreflector.net\/\">http:\/\/dvmatrix.xreflector.net\/<\/a><\/p>\n\n\n\n<p><strong>EL DASHBOARD DE YCS224 <\/strong><\/p>\n\n\n\n<figure class=\"wp-block-image size-large\"><img loading=\"lazy\" decoding=\"async\" width=\"1024\" height=\"485\" src=\"https:\/\/radio.xreflector.es\/wp-content\/uploads\/2020\/10\/ycsss-1024x485.jpg\" alt=\"\" class=\"wp-image-145\" srcset=\"https:\/\/radio.xreflector.es\/wp-content\/uploads\/2020\/10\/ycsss-1024x485.jpg 1024w, https:\/\/radio.xreflector.es\/wp-content\/uploads\/2020\/10\/ycsss-300x142.jpg 300w, https:\/\/radio.xreflector.es\/wp-content\/uploads\/2020\/10\/ycsss-768x363.jpg 768w, https:\/\/radio.xreflector.es\/wp-content\/uploads\/2020\/10\/ycsss-1536x727.jpg 1536w, https:\/\/radio.xreflector.es\/wp-content\/uploads\/2020\/10\/ycsss-750x355.jpg 750w, https:\/\/radio.xreflector.es\/wp-content\/uploads\/2020\/10\/ycsss.jpg 1906w\" sizes=\"auto, (max-width: 1024px) 100vw, 1024px\" \/><\/figure>\n\n\n\n<ul class=\"wp-block-list\"><li>REPETIDOR: repetidores conectados y puntos de acceso.<\/li><li>DVMatrix: aqu\u00ed puede ver que los grupos DG-ID se transfieren a otros servidores YCS (similar a los enlaces a DMR y D-STAR).<\/li><li>ACTIVIDAD: \u00daltima estaci\u00f3n escuchada<\/li><li>DG-ID: los grupos DG-ID disponibles. La X indica que el grupo DG-ID correspondiente est\u00e1 conectado permanentemente al repetidor \/ punto de acceso respectivo.<\/li><li>DG-ID-LIST: Lista de grupos DG-ID con sus descripciones.<\/li><li>GRUPO: Los grupos de DG-ID fijos se muestran en la columna \u00abGrupo\u00bb (una especie de grupo de conversaci\u00f3n est\u00e1tico en el mundo DMR).<\/li><li>RX \/ TX: Los QSO se muestran en verde (origen) y naranja (destino). Despu\u00e9s de una transmisi\u00f3n, hay una protecci\u00f3n de 30 segundos (mostrada en azul) contra ataques para que el repetidor \/ punto de acceso contin\u00fae recibiendo en el grupo DG-ID usado anteriormente y no en otro DG-ID.<\/li><li>MODO: modo DN \/ VW. SIEMPRE use DN en su radio en este momento.<\/li><li>DG-ID: Nombre del grupo DG-ID.<\/li><li>TIPO: Sistema (protocolo) al que est\u00e1 conectado el repetidor \/ punto de acceso: DR-2X \/ IMRS, YSF, FCS<\/li><li>N\u00fameros de DG-ID con fondo amarillo: n\u00fameros de DG-ID que se pueden seleccionar manualmente (si es necesario) pero que no se pueden activar de forma permanente. Duraci\u00f3n de la solicitud: 10 minutos. Se puede desactivar inmediatamente enviando el TX DG-ID 90<\/li><\/ul>\n\n\n\n<p><strong>\u00bfCon qui\u00e9n podemos QSO en YCS224? <\/strong>Todos los sistemas de radioaficionados digitales son muy din\u00e1micos, lo que significa que los cambios y las nuevas implementaciones y conexiones pueden ocurrir con frecuencia. Para ver con qui\u00e9n podemos hablar, aseg\u00farese de consultarlos.<\/p>\n\n\n\n<h3 class=\"wp-block-heading\" id=\"matrix_section\">Secci\u00f3n de matriz:<\/h3>\n\n\n\n<figure class=\"wp-block-image size-large\"><img loading=\"lazy\" decoding=\"async\" width=\"1897\" height=\"746\" src=\"https:\/\/radio.xreflector.es\/wp-content\/uploads\/2020\/10\/3-1024x403.jpg\" alt=\"\" class=\"wp-image-146\" srcset=\"https:\/\/radio.xreflector.es\/wp-content\/uploads\/2020\/10\/3-1024x403.jpg 1024w, https:\/\/radio.xreflector.es\/wp-content\/uploads\/2020\/10\/3-300x118.jpg 300w, https:\/\/radio.xreflector.es\/wp-content\/uploads\/2020\/10\/3-768x302.jpg 768w, https:\/\/radio.xreflector.es\/wp-content\/uploads\/2020\/10\/3-1536x604.jpg 1536w, https:\/\/radio.xreflector.es\/wp-content\/uploads\/2020\/10\/3-750x295.jpg 750w, https:\/\/radio.xreflector.es\/wp-content\/uploads\/2020\/10\/3.jpg 1897w\" sizes=\"auto, (max-width: 1897px) 100vw, 1897px\" \/><\/figure>\n\n\n\n<p>Por citar algunos ejemplos, la conexi\u00f3n en modo YSF (DTMF-ID # 22401) se combina con el grupo 24 (DG-ID 24) correspondiente a ESPA\u00d1A.&nbsp;<\/p>\n\n\n\n<p>BrandMeister ESPA\u00d1A est\u00e1 conectado a este grupo (a trav\u00e9s de TG 2140 SPAIN-LINK) y TG 2140 de la red SPANISH DMR + (servidor IPSC2-EA-RPTR). \u00a1\u00a1Una gran oportunidad para QSO con todos los sistemas !!<\/p>\n\n\n\n<ul class=\"wp-block-list\"><li>D-STAR DCS015 S.<\/li><li>WIRES X SALA 27187<\/li><li>YSF 27187 ES-WIRESX<\/li><li>SALA EUROPELINK 96<\/li><li>NXDN 214<\/li><li>P25 2140<\/li><li>BM 2140<\/li><li>DMR + 2140<\/li><li>CACAHUETE YSF EURO<\/li><li>SISTEMA FCS FCS004 00<\/li><\/ul>\n\n\n\n<div class=\"wp-block-image is-style-rounded\"><figure class=\"alignleft size-large\"><img loading=\"lazy\" decoding=\"async\" width=\"310\" height=\"310\" src=\"https:\/\/radio.xreflector.es\/wp-content\/uploads\/2020\/10\/ea8ee_qrz.jpg\" alt=\"\" class=\"wp-image-147\" srcset=\"https:\/\/radio.xreflector.es\/wp-content\/uploads\/2020\/10\/ea8ee_qrz.jpg 310w, https:\/\/radio.xreflector.es\/wp-content\/uploads\/2020\/10\/ea8ee_qrz-300x300.jpg 300w, https:\/\/radio.xreflector.es\/wp-content\/uploads\/2020\/10\/ea8ee_qrz-150x150.jpg 150w\" sizes=\"auto, (max-width: 310px) 100vw, 310px\" \/><figcaption><strong>EA8EE<\/strong><\/figcaption><\/figure><\/div>\n\n\n\n<p><strong>En DG-ID 14 WW-Espa\u00f1ol<\/strong> contamos con el canal internacional (Hispano) gestionado por el amigo EA8EE, donde todos los d\u00edas podemos escuchar QSO de todo el mundo en espa\u00f1ol, tambi\u00e9n los fines de semana contamos con el famoso internacional RAD \u00abNET DE LA TECNOLOGIA \u00bb\u00a1Que EA8EE se encarga de entrevistar a otros amigos de la radio sobre diversos temas interesantes para nuestro mundo de la radioafici\u00f3n!<\/p>\n\n\n\n<p>Tiene una sala de man\u00ed: YSFSPAIN<\/p>\n\n\n\n<p>\u00bfQu\u00e9 pasa si queremos hablar con otros pa\u00edses (por ejemplo, ITALIA) a trav\u00e9s de C4FM? Simplemente seleccione el grupo apropiado (DG-ID), como se muestra en la matriz del World Collector \/ Server, que recopila los flujos de todos los sistemas WW. El grupo afectado debe existir en los servidores de origen y destino.<\/p>\n\n\n\n<p>Cada servidor muestra los grupos activos y utilizables en su secci\u00f3n LISTA DG-ID:<\/p>\n\n\n\n<figure class=\"wp-block-image size-large\"><img loading=\"lazy\" decoding=\"async\" width=\"1024\" height=\"393\" src=\"https:\/\/radio.xreflector.es\/wp-content\/uploads\/2020\/10\/4-1024x393.jpg\" alt=\"\" class=\"wp-image-149\" srcset=\"https:\/\/radio.xreflector.es\/wp-content\/uploads\/2020\/10\/4-1024x393.jpg 1024w, https:\/\/radio.xreflector.es\/wp-content\/uploads\/2020\/10\/4-300x115.jpg 300w, https:\/\/radio.xreflector.es\/wp-content\/uploads\/2020\/10\/4-768x295.jpg 768w, https:\/\/radio.xreflector.es\/wp-content\/uploads\/2020\/10\/4-1536x589.jpg 1536w, https:\/\/radio.xreflector.es\/wp-content\/uploads\/2020\/10\/4-750x288.jpg 750w, https:\/\/radio.xreflector.es\/wp-content\/uploads\/2020\/10\/4.jpg 1809w\" sizes=\"auto, (max-width: 1024px) 100vw, 1024px\" \/><\/figure>\n\n\n\n<p><strong>En la secci\u00f3n Interlink vemos la lista de conexiones:<\/strong><\/p>\n\n\n\n<ul class=\"wp-block-list\"><li><strong>(TG) con el mundo DMR a trav\u00e9s del servidor IPSC2<\/strong><\/li><li><strong>YSF Interlink (n\u00famero y nombre del reflector YSF<\/strong> )<\/li><li><strong>DVMatrix Lista de DG-ID conectados entre s\u00ed en todo el mundo<\/strong><\/li><li><strong>FCS Interlink (n\u00famero de FCS y n\u00famero de FCS de sala)<\/strong><\/li><li><strong>XXX Interlink (futuros protocolos que pueden venir)<\/strong>\u00a0<\/li><\/ul>\n\n\n\n<figure class=\"wp-block-image size-large\"><img loading=\"lazy\" decoding=\"async\" width=\"1024\" height=\"236\" src=\"https:\/\/radio.xreflector.es\/wp-content\/uploads\/2020\/10\/inter-1024x236.jpg\" alt=\"\" class=\"wp-image-150\" srcset=\"https:\/\/radio.xreflector.es\/wp-content\/uploads\/2020\/10\/inter-1024x236.jpg 1024w, https:\/\/radio.xreflector.es\/wp-content\/uploads\/2020\/10\/inter-300x69.jpg 300w, https:\/\/radio.xreflector.es\/wp-content\/uploads\/2020\/10\/inter-768x177.jpg 768w, https:\/\/radio.xreflector.es\/wp-content\/uploads\/2020\/10\/inter-1536x353.jpg 1536w, https:\/\/radio.xreflector.es\/wp-content\/uploads\/2020\/10\/inter-750x173.jpg 750w, https:\/\/radio.xreflector.es\/wp-content\/uploads\/2020\/10\/inter.jpg 1804w\" sizes=\"auto, (max-width: 1024px) 100vw, 1024px\" \/><\/figure>\n\n\n\n<h4 class=\"wp-block-heading\" id=\"how_to_connect_to_ycs222\">C\u00f3mo conectarse a YCS224<\/h4>\n\n\n\n<ul class=\"wp-block-list\"><li>Los repetidores YAESU FUSION 2 establecen una conexi\u00f3n directa con el servidor a trav\u00e9s de su software. Configure DG-ID 9 como base (no asignado). Comunique la informaci\u00f3n del repetidor al administrador del reflector para que se pueda mostrar informaci\u00f3n como frecuencia, ubicaci\u00f3n, etc. en el tablero.<\/li><li>\u00a0Con el software Pi-Star para sistemas MMDVM (repetidores y puntos de acceso), seleccione la conexi\u00f3n en el men\u00fa desplegable de las salas C4FM disponibles, p. Ej. B. FCS224-24 -FCS224-XX Para otras DG ID<\/li><\/ul>\n\n\n\n<div class=\"wp-block-image is-style-rounded\"><figure class=\"alignleft size-large is-resized\"><img loading=\"lazy\" decoding=\"async\" src=\"https:\/\/radio.xreflector.es\/wp-content\/uploads\/2020\/10\/EA7EE.jpg\" alt=\"\" class=\"wp-image-151\" width=\"307\" height=\"234\" srcset=\"https:\/\/radio.xreflector.es\/wp-content\/uploads\/2020\/10\/EA7EE.jpg 650w, https:\/\/radio.xreflector.es\/wp-content\/uploads\/2020\/10\/EA7EE-300x229.jpg 300w\" sizes=\"auto, (max-width: 307px) 100vw, 307px\" \/><figcaption><strong>EA7EE<\/strong><\/figcaption><\/figure><\/div>\n\n\n\n<p><strong>EA7EE<\/strong><\/p>\n\n\n\n<ul class=\"wp-block-list\"><li><strong>Pi-STAR EA7EE Soporte completo para el sistema YCS<\/strong> <a href=\"https:\/\/translate.googleusercontent.com\/translate_c?depth=1&amp;hl=es&amp;pto=aue&amp;rurl=translate.google.com&amp;sl=auto&amp;sp=nmt4&amp;tl=es&amp;u=https:\/\/translate.googleusercontent.com\/translate_c%3Fdepth%3D1%26pto%3Daue%26rurl%3Dtranslate.google.com%26sl%3Den%26sp%3Dnmt4%26tl%3Dde%26u%3Dhttps:\/\/translate.googleusercontent.com\/translate_c%253Fdepth%253D1%2526pto%253Daue%2526rurl%253Dtranslate.google.com%2526sl%253Des%2526sp%253Dnmt4%2526tl%253Den%2526u%253Dhttp:\/\/pistar.c4fm.es\/%2526usg%253DALkJrhjHneUBHJSVVcc80KwoNLtmUl__ww%26usg%3DALkJrhhSR3PHin6BOtttVGNY7WIWXWFSIQ&amp;usg=ALkJrhh_Qf7S7Qn0odoVZj7dT4Y2pf_ZhA\" target=\"_blank\" rel=\"noreferrer noopener\">http:\/\/pistar.c4fm.es\/<\/a><\/li><\/ul>\n\n\n\n<p><\/p>\n\n\n\n<p><\/p>\n\n\n\n<p><\/p>\n\n\n\n<figure class=\"wp-block-image size-large\"><img loading=\"lazy\" decoding=\"async\" width=\"848\" height=\"594\" src=\"https:\/\/radio.xreflector.es\/wp-content\/uploads\/2020\/10\/pi.jpg\" alt=\"\" class=\"wp-image-153\" srcset=\"https:\/\/radio.xreflector.es\/wp-content\/uploads\/2020\/10\/pi.jpg 848w, https:\/\/radio.xreflector.es\/wp-content\/uploads\/2020\/10\/pi-300x210.jpg 300w, https:\/\/radio.xreflector.es\/wp-content\/uploads\/2020\/10\/pi-768x538.jpg 768w, https:\/\/radio.xreflector.es\/wp-content\/uploads\/2020\/10\/pi-750x525.jpg 750w\" sizes=\"auto, (max-width: 848px) 100vw, 848px\" \/><\/figure>\n\n\n\n<ul class=\"wp-block-list\"><li>Busque YSF22401 EA-C4FM-Espa\u00f1a<\/li><li>Iniciar DG-ID 0<\/li><li><strong>En las opciones seleccionamos el DG-ID: <\/strong><\/li><li><strong>1- Opciones En Blanco = Siempre DG-ID 24.<\/strong><\/li><li><strong>2- OPCIONES = MAS DE UN DG-ID = Los DG-ID Selecionados Fijos Resto A Demanda&#8230;.<\/strong><\/li><li><strong>3- OPCIONES = Solo Un DG-ID = Solo El DG-ID Seleccionado Resto A DEMANDA&#8230;<\/strong><\/li><\/ul>\n\n\n\n<p>Mi Recomendacion es la Opcion 3&#8230;. Para Uso Normal&#8230;<\/p>\n\n\n\n<p><\/p>\n\n\n\n<div class=\"wp-block-image is-style-rounded\"><figure class=\"alignleft size-large is-resized\"><img loading=\"lazy\" decoding=\"async\" src=\"https:\/\/radio.xreflector.es\/wp-content\/uploads\/2020\/10\/pa7lim.jpg\" alt=\"\" class=\"wp-image-154\" width=\"285\" height=\"436\" srcset=\"https:\/\/radio.xreflector.es\/wp-content\/uploads\/2020\/10\/pa7lim.jpg 389w, https:\/\/radio.xreflector.es\/wp-content\/uploads\/2020\/10\/pa7lim-196x300.jpg 196w\" sizes=\"auto, (max-width: 285px) 100vw, 285px\" \/><figcaption><strong>PA7LIM<\/strong><\/figcaption><\/figure><\/div>\n\n\n\n<ul class=\"wp-block-list\"><li><strong>Sistema BlueDv @ PA7LIM<\/strong><\/li><\/ul>\n\n\n\n<p><strong>El sistema BlueDv es<\/strong> totalmente compatible con el sistema YCS. Soporta DG-ID, informaci\u00f3n extendida y localizador. Tambi\u00e9n es compatible con option = set in: Documents \\ BlueDV. Encontrar\u00e1 el archivo: BlueDVconfig.ini En la parte Fusion puede agregar la l\u00ednea de opci\u00f3n<\/p>\n\n\n\n<p>[FUSION] autostart<br>= 0<br>QTHlocation = IM87EF<br>defaultYSFReflector = NL Central<br>defaultFCSReflector = FCS00401 autostartProtocol<br>= FCS<br>Options = 1,24,30,48,95 <strong>&lt;&lt;&lt;&lt;&lt;&lt;&lt; A\u00d1ADIR LA L\u00cdNEA DE OPCIONES<\/strong><\/p>\n\n\n\n<p><\/p>\n\n\n\n<div class=\"wp-block-image\"><figure class=\"aligncenter size-large\"><img loading=\"lazy\" decoding=\"async\" width=\"510\" height=\"144\" src=\"https:\/\/radio.xreflector.es\/wp-content\/uploads\/2020\/10\/srf-osb-logo.jpg\" alt=\"\" class=\"wp-image-155\" srcset=\"https:\/\/radio.xreflector.es\/wp-content\/uploads\/2020\/10\/srf-osb-logo.jpg 510w, https:\/\/radio.xreflector.es\/wp-content\/uploads\/2020\/10\/srf-osb-logo-300x85.jpg 300w\" sizes=\"auto, (max-width: 510px) 100vw, 510px\" \/><\/figure><\/div>\n\n\n\n<ul class=\"wp-block-list\"><li><strong>openSPOT3 y otros sistemas openSPOT @ TM<\/strong><\/li><\/ul>\n\n\n\n<h2 class=\"wp-block-heading\">Desde FW v34 (beta)<\/h2>\n\n\n\n<ul class=\"wp-block-list\"><li>Se agreg\u00f3 soporte para las opciones YSFReflector y FCS (lista DGID est\u00e1tica)<\/li><li>Se agreg\u00f3 soporte para enviar informaci\u00f3n de puntos de acceso a YSFReflector<\/li><li>Se agreg\u00f3 soporte para enviar informaci\u00f3n de puntos de acceso a los servidores FCS en el nuevo formato<\/li><\/ul>\n\n\n\n<div class=\"wp-block-image\"><figure class=\"aligncenter size-large\"><img loading=\"lazy\" decoding=\"async\" width=\"240\" height=\"50\" src=\"https:\/\/radio.xreflector.es\/wp-content\/uploads\/2020\/10\/DE.jpg\" alt=\"\" class=\"wp-image-156\"\/><\/figure><\/div>\n\n\n\n<ul class=\"wp-block-list\"><li>Imagen de ADER<\/li><\/ul>\n\n\n\n<p><a href=\"http:\/\/www.associacioader.com\/\">http:\/\/www.associacioader.com\/<\/a><\/p>\n\n\n\n<figure class=\"wp-block-image size-large\"><img loading=\"lazy\" decoding=\"async\" width=\"1024\" height=\"754\" src=\"https:\/\/radio.xreflector.es\/wp-content\/uploads\/2020\/10\/ader-1024x754-1.jpg\" alt=\"\" class=\"wp-image-157\" srcset=\"https:\/\/radio.xreflector.es\/wp-content\/uploads\/2020\/10\/ader-1024x754-1.jpg 1024w, https:\/\/radio.xreflector.es\/wp-content\/uploads\/2020\/10\/ader-1024x754-1-300x221.jpg 300w, https:\/\/radio.xreflector.es\/wp-content\/uploads\/2020\/10\/ader-1024x754-1-768x566.jpg 768w, https:\/\/radio.xreflector.es\/wp-content\/uploads\/2020\/10\/ader-1024x754-1-750x552.jpg 750w\" sizes=\"auto, (max-width: 1024px) 100vw, 1024px\" \/><\/figure>\n\n\n\n<ul class=\"wp-block-list\"><li>La imagen ADER es totalmente compatible con Fusion II. En el men\u00fa 12 puede seleccionar el DG-ID para la l\u00ednea de opci\u00f3n =<\/li><\/ul>\n\n\n\n<p><\/p>\n\n\n\n<ul class=\"wp-block-list\"><li><strong>Windows PEANUT DE PA7LIM<\/strong> : Sala YSF-EURO<\/li><\/ul>\n\n\n\n<div class=\"wp-block-image\"><figure class=\"aligncenter size-large is-resized\"><img loading=\"lazy\" decoding=\"async\" src=\"https:\/\/radio.xreflector.es\/wp-content\/uploads\/2020\/10\/Pnut.jpg\" alt=\"\" class=\"wp-image-158\" width=\"482\" height=\"198\" srcset=\"https:\/\/radio.xreflector.es\/wp-content\/uploads\/2020\/10\/Pnut.jpg 888w, https:\/\/radio.xreflector.es\/wp-content\/uploads\/2020\/10\/Pnut-300x124.jpg 300w, https:\/\/radio.xreflector.es\/wp-content\/uploads\/2020\/10\/Pnut-768x317.jpg 768w, https:\/\/radio.xreflector.es\/wp-content\/uploads\/2020\/10\/Pnut-750x310.jpg 750w\" sizes=\"auto, (max-width: 482px) 100vw, 482px\" \/><\/figure><\/div>\n\n\n\n<p><strong>Sistemas Android PEANUT DE PA7LIM<\/strong> : Sala YSF-EURO<\/p>\n\n\n\n<div class=\"wp-block-image\"><figure class=\"aligncenter size-large is-resized\"><img loading=\"lazy\" decoding=\"async\" src=\"https:\/\/radio.xreflector.es\/wp-content\/uploads\/2020\/10\/images.jpg\" alt=\"\" class=\"wp-image-159\" width=\"495\" height=\"241\" srcset=\"https:\/\/radio.xreflector.es\/wp-content\/uploads\/2020\/10\/images.jpg 322w, https:\/\/radio.xreflector.es\/wp-content\/uploads\/2020\/10\/images-300x146.jpg 300w\" sizes=\"auto, (max-width: 495px) 100vw, 495px\" \/><\/figure><\/div>\n\n\n\n<p>   Peanut On YCS224 est\u00e1 disponible con el \u00faltimo c\u00f3dec de hardware AMBE3003 <a href=\"https:\/\/www.dvsinc.com\/products\/a300x.shtml\">https:\/\/www.dvsinc.com\/products\/a300x.shtml<\/a><\/p>\n\n\n\n<div class=\"wp-block-image\"><figure class=\"aligncenter size-large\"><img loading=\"lazy\" decoding=\"async\" width=\"1024\" height=\"536\" src=\"https:\/\/radio.xreflector.es\/wp-content\/uploads\/2020\/10\/2014-08-26-eete-jh-ambe-1024x536.jpg\" alt=\"\" class=\"wp-image-160\" srcset=\"https:\/\/radio.xreflector.es\/wp-content\/uploads\/2020\/10\/2014-08-26-eete-jh-ambe-1024x536.jpg 1024w, https:\/\/radio.xreflector.es\/wp-content\/uploads\/2020\/10\/2014-08-26-eete-jh-ambe-300x157.jpg 300w, https:\/\/radio.xreflector.es\/wp-content\/uploads\/2020\/10\/2014-08-26-eete-jh-ambe-768x402.jpg 768w, https:\/\/radio.xreflector.es\/wp-content\/uploads\/2020\/10\/2014-08-26-eete-jh-ambe-750x393.jpg 750w, https:\/\/radio.xreflector.es\/wp-content\/uploads\/2020\/10\/2014-08-26-eete-jh-ambe.jpg 1200w\" sizes=\"auto, (max-width: 1024px) 100vw, 1024px\" \/><\/figure><\/div>\n\n\n\n<ul class=\"wp-block-list\"><li>DV4Mini<\/li><\/ul>\n\n\n\n<div class=\"wp-block-image\"><figure class=\"aligncenter size-large\"><img loading=\"lazy\" decoding=\"async\" width=\"512\" height=\"342\" src=\"https:\/\/radio.xreflector.es\/wp-content\/uploads\/2020\/10\/unnamed.jpg\" alt=\"\" class=\"wp-image-161\" srcset=\"https:\/\/radio.xreflector.es\/wp-content\/uploads\/2020\/10\/unnamed.jpg 512w, https:\/\/radio.xreflector.es\/wp-content\/uploads\/2020\/10\/unnamed-300x200.jpg 300w\" sizes=\"auto, (max-width: 512px) 100vw, 512px\" \/><\/figure><\/div>\n\n\n\n<p><strong>DV4Mini le permite seleccionar los sistemas YSF y FCS para ingresar a YCS224<\/strong><\/p>\n\n\n\n<ul class=\"wp-block-list\"><li><strong>Droidstar (solo RX) <a href=\"https:\/\/translate.googleusercontent.com\/translate_c?depth=1&amp;hl=es&amp;pto=aue&amp;rurl=translate.google.com&amp;sl=auto&amp;sp=nmt4&amp;tl=es&amp;u=https:\/\/translate.googleusercontent.com\/translate_c%3Fdepth%3D1%26pto%3Daue%26rurl%3Dtranslate.google.com%26sl%3Den%26sp%3Dnmt4%26tl%3Dde%26u%3Dhttps:\/\/translate.googleusercontent.com\/translate_c%253Fdepth%253D1%2526pto%253Daue%2526rurl%253Dtranslate.google.com%2526sl%253Des%2526sp%253Dnmt4%2526tl%253Den%2526u%253Dhttps:\/\/play.google.com\/store\/apps\/details%25253Fid%25253Dorg.dudetronics.droidstar%252526hl%25253Des%2526usg%253DALkJrhi0ESL9lJeCo57VebY1ls7ToYoWlw%26usg%3DALkJrhjY-BexW4XzhsVJLZjMisbPcILJeg&amp;usg=ALkJrhghl1-FQJM1aEMfjLtHnEuS4bYeWg\" target=\"_blank\" rel=\"noreferrer noopener\">https:\/\/play.google.com\/store\/apps\/details?id=org.dudetronics.droidstar&amp;hl=es<\/a><\/strong><\/li><li><strong>Esta aplicaci\u00f3n se conecta a los reflectores y repetidores D-Star y Yaesu System Fusion a trav\u00e9s de UDP y decodifica audio y datos en software. No se requiere hardware AMBE.<\/strong><\/li><li><strong>DVSwitch Mobile *<\/strong><\/li><\/ul>\n\n\n\n<p><strong>ATENCI\u00d3N !!! Esta aplicaci\u00f3n utiliza el emulador AMBE de MD-380 HACK !! <\/strong>Por lo tanto, no se recomienda su uso en reflectores YSF Fusion II.<\/p>\n\n\n\n<p>Si tiene un AMBE f\u00edsico, no tiene el c\u00f3dec C4FM original, por lo que se recomienda usar BlueDV o Peanut (con un c\u00f3dec C4FM) para los servidores YCS224 y FUSION II en general.<\/p>\n\n\n\n<p><strong>Incluso si usa multiusuario y crea un bucle, TODOS LOS USUARIOS de la misma IP (servidor Raspberry o DVSwitch) ser\u00e1n bloqueados por los sistemas ANTI LOOP @ TM que los desarrolladores crearon para evitar bucles.<\/strong><\/p>\n\n\n\n<div class=\"wp-block-image is-style-rounded\"><figure class=\"alignleft size-large\"><img loading=\"lazy\" decoding=\"async\" width=\"360\" height=\"419\" src=\"https:\/\/radio.xreflector.es\/wp-content\/uploads\/2020\/10\/dg9ff.jpg\" alt=\"\" class=\"wp-image-163\" srcset=\"https:\/\/radio.xreflector.es\/wp-content\/uploads\/2020\/10\/dg9ff.jpg 360w, https:\/\/radio.xreflector.es\/wp-content\/uploads\/2020\/10\/dg9ff-258x300.jpg 258w\" sizes=\"auto, (max-width: 360px) 100vw, 360px\" \/><figcaption><strong>DG9FFM<\/strong><\/figcaption><\/figure><\/div>\n\n\n\n<ul class=\"wp-block-list\"><li><strong>BASE<\/strong> <strong>DE <\/strong><strong>DATOS <\/strong><strong>Y archivos de host<\/strong> :<\/li><\/ul>\n\n\n\n<p>Todas las bases de datos, DNS y archivos de host est\u00e1n centralizados gracias a DG9FFM. Peter Esser <a href=\"http:\/\/www.xreflector.net\/\" target=\"_blank\" rel=\"noreferrer noopener\">http:\/\/www.xreflector.net\/<\/a> Gracias a los esfuerzos diarios para mantener actualizados todos los archivos del host y administrar los diversos desarrolladores de software y sistemas digitales.<\/p>\n<p>Visitas: 2268<\/p>","protected":false},"excerpt":{"rendered":"<p>Una soluci\u00f3n para interconectar puentes repetidores y puntos de acceso utilizando el protocolo de radioaficionado digital C4FM \/ Yaesu Fusion 2 con excelente calidad operativa y configuraciones personalizadas. Es un proyecto desarrollado por: Kurt OE1KBC. En Espa\u00f1a, el servidor de referencia YCS224 est\u00e1 conectado a la red BrandMeister 2140 y la red DMRPlus para asegurar [&hellip;]<\/p>\n","protected":false},"author":1,"featured_media":0,"parent":0,"menu_order":0,"comment_status":"closed","ping_status":"closed","template":"","meta":{"footnotes":""},"class_list":["post-139","page","type-page","status-publish","hentry"],"_links":{"self":[{"href":"https:\/\/radio.xreflector.es\/index.php\/wp-json\/wp\/v2\/pages\/139","targetHints":{"allow":["GET"]}}],"collection":[{"href":"https:\/\/radio.xreflector.es\/index.php\/wp-json\/wp\/v2\/pages"}],"about":[{"href":"https:\/\/radio.xreflector.es\/index.php\/wp-json\/wp\/v2\/types\/page"}],"author":[{"embeddable":true,"href":"https:\/\/radio.xreflector.es\/index.php\/wp-json\/wp\/v2\/users\/1"}],"replies":[{"embeddable":true,"href":"https:\/\/radio.xreflector.es\/index.php\/wp-json\/wp\/v2\/comments?post=139"}],"version-history":[{"count":8,"href":"https:\/\/radio.xreflector.es\/index.php\/wp-json\/wp\/v2\/pages\/139\/revisions"}],"predecessor-version":[{"id":166,"href":"https:\/\/radio.xreflector.es\/index.php\/wp-json\/wp\/v2\/pages\/139\/revisions\/166"}],"wp:attachment":[{"href":"https:\/\/radio.xreflector.es\/index.php\/wp-json\/wp\/v2\/media?parent=139"}],"curies":[{"name":"wp","href":"https:\/\/api.w.org\/{rel}","templated":true}]}}